6?
3
What is the tens digit of 7219140?
4
What is the hundreds digit of 1899819351?
3
What is the millions digit of 216525232?
6
What is the thousands digit of 883429121?
9
What is the units digit of 47354108?
8
What is the ten thousands digit of 367377915?
7
What is the tens digit of 504280673?
7
What is the units digit of 876015387?
7
What is the thousands digit of 17242016?
2
What is the hundred millions digit of 250025544?
2
What is the hundreds digit of 31295527?
5
What is the billions digit of 3081168811?
3
What is the units digit of 394690621?
1
What is the ten thousands digit of 1672328208?
2
What is the ten thousands digit of 71280513?
8
What is the millions digit of 208219659?
8
What is the units digit of 93145817?
7
What is the units digit of 22050318?
8
What is the hundreds digit of 29520496?
4
What is the thousands digit of 63261015?
1
What is the hundreds digit of 174358735?
7
What is the tens digit of 1203857919?
1
What is the ten millions digit of 15527379?
1
What is the millions digit of 25978052?
5
What is the hundred thousands digit of 518161322?
1
What is the hundred thousands digit of 867712662?
7
What is the units digit of 90189854?
4
What is the thousands digit of 190080592?
0
What is the units digit of 346713507?
7
What is the units digit of 5725826534?
4
What is the units digit of 832871399?
9
What is the tens digit of 225300813?
1
What is the units digit of 647824562?
2
What is the tens digit of 4512522016?
1
What is the millions digit of 13741145?
3
What is the thousands digit of 5826226725?
6
What is the units digit of 3071985933?
3
What is the ten millions digit of 26321739?
2
What is the tens digit of 85734849?
4
What is the units digit of 40751401?
1
What is the thousands digit of 786054177?
4
What is the hundred thousands digit of 47695153?
6
What is the units digit of 6676505400?
0
What is the ten millions digit of 672243329?
7
What is the ten thousands digit of 1076103024?
0
What is the hundred thousands digit of 38299588?
2
What is the thousands digit of 645219264?
9
What is the millions digit of 151362324?
1
What is the thousands digit of 2072126371?
6
What is the units digit of 1967667727?
7
What is the hundred thousands digit of 176622780?
6
What is the ten thousands digit of 143789400?
8
What is the millions digit of 198763793?
8
What is the ten millions digit of 645643371?
4
What is the millions digit of 12103407?
2
What is the ten millions digit of 25460206?
2
What is the ten millions digit of 27203652?
2
What is the ten thousands digit of 60068780?
6
What is the units digit of 5010565826?
6
What is the hundreds digit of 35330947?
9
What is the ten thousands digit of 36435815?
3
What is the tens digit of 141063648?
4
What is the millions digit of 144382337?
4
What is the ten thousands digit of 514508222?
0
What is the units digit of 707648996?
6
What is the millions digit of 29107915?
9
What is the hundred thousands digit of 281436894?
4
What is the units digit of 4843827822?
2
What is the ten thousands digit of 409108772?
0
What is the ten millions digit of 401061830?
0
What is the ten thousands digit of 490999742?
9
What is the tens digit of 372650609?
0
What is the thousands digit of 647968062?
8
What is the ten millions digit of 32483335?
3
What is the hundreds digit of 121691623?
6
What is the hundred thousands digit of 838113837?
1
What is the tens digit of 52284187?
8
What is the ten thousands digit of 1512600432?
0
What is the ten thousands digit of 3255175161?
7
What is the millions digit of 353385686?
3
What is the units digit of 47847992?
2
What is the thousands digit of 7637807883?
7
What is the ten millions digit of 126565896?
2
What is the tens digit of 382638644?
4
What is the units digit of 43138716?
6
What is the ten millions digit of 68811108?
6
What is the units digit of 762163501?
1
What is the hundred thousands digit of 54402351?
4
What is the millions digit of 3209208768?
9
What is the ten millions digit of 58193608?
5
What is the millions digit of 305387025?
5
What is the units digit of 336346910?
0
What is the hundred thousands digit of 47099097?
0
What is the hundred thousands digit of 1665908366?
9
What is the units digit of 16064595?
5
What is the thousands digit of 1549932954?
2
What is the thousands digit of 44205119?
5
What is the tens digit of 93483?
8
What is the ten thousands digit of 88602089?
0
What is the millions digit of 1489188136?
9
What is the hundred thousands digit of 784949459?
9
What is the hundred thousands digit of 11890782?
8
What is the millions digit of 36682901?
6
What is the millions digit of 84759339?
4
What is the ten millions digit of 229504277?
2
What is the hundred thousands digit of 68372807?
3
What is the ten millions digit of 2368814463?
6
What is the ten thousands digit of 5872241319?
4
What is the hundreds digit of 3557651816?
8
What is the hundred millions digit of 3122523946?
1
What is the hundred thousands digit of 373710285?
7
What is the ten millions digit of 1681901966?
8
What is the millions digit of 41361291?
1
What is the ten thousands digit of 64447650?
4
What is the ten thousands digit of 825288898?
8
What is the tens digit of 28924342?
4
What is the ten thousands digit of 2828238359?
3
What is the hundreds digit of 26052206?
2
What is the hundred thousands digit of 42232995?
2
What is the units digit of 858975508?
8
What is the ten millions digit of 193479317?
9
What is the units digit of 27667181?
1
What is the ten thousands digit of 109201621?
0
What is the hundred thousands digit of 364801246?
8
What is the units digit of 38766838?
8
What is the billions digit of 1679792772?
1
What is the hundred thousands digit of 159885615?
8
What is the ten millions digit of 62129799?
6
What is the hundred thousands digit of 206616559?
6
What is the ten millions digit of 40259598?
4
What is the hundreds digit of 36125736?
7
What is the billions digit of 2597245942?
2
What is the ten millions digit of 800280070?
0
What is the hundreds digit of 29913068?
0
What is the hundreds digit of 105455?
4
What is the hundreds digit of 9106249705?
7
What is the units digit of 18010663?
3
What is the hundreds digit of 356279982?
9
What is the ten millions digit of 425905002?
2
What is the hundreds digit of 458847453?
4
What is the billions digit of 1157939340?
1
What is the tens digit of 5357131068?
6
What is the hundred millions digit of 242492860?
2
What is the thousands digit of 102142802?
2
What is the ten thousands digit of 1682374540?
7
What is the millions digit of 43676322?
3
What is the ten millions digit of 4549531185?
4
What is the hundred millions digit of 1237863244?
2
What is the millions digit of 18668474?
8
What is the millions digit of 769231844?
9
What is the ten millions digit of 12931004?
1
What is the hundreds digit of 1064447074?
0
What is the units digit of 190524196?
6
What is the hundred thousands digit of 12119805?
1
What is the thousands digit of 15542020?
2
What is the millions digit of 179240533?
9
What is the tens digit of 14017922?
2
What is the ten millions digit of 123524713?
2
What is the ten millions digit of 27171353?
2
What is the hundreds digit of 42007230?
2
What is the tens digit of 914937331?
3
What is the thousands digit of 99085499?
5
What is the millions digit of 108628629?
8
What is the hundred thousands digit of 874772932?
7
What is the ten thousands digit of 43794905?
9
What is the hundred millions digit of 3237275467?
2
What is the ten thousands digit of 67648233?
4
What is the units digit of 212720856?
6
What is the hundred millions digit of 432449020?
4
What is the hundred millions digit of 927395875?
9
What is the hundreds digit of 534563365?
3
What is the millions digit of 1624161575?
4
What is the units digit of 240179535?
5
What is the millions digit of 5046234807?
6
What is the ten millions digit of 21677868?
2
What is the units digit of 59900849?
9
What is the units digit of 2747004075?
5
What is the hundreds digit of 118836039?
0
What is the hundreds digit of 6659889354?
3
What is the units digit of 448176369?
9
What is the hundred thousands digit of 1432984154?
9
What is the units digit of 568175142?
2
What is the millions digit of 39033040?
9
What is the hundred thousands digit of 345275510?
